 4*n. Suppose -4*s + 4*w = -192, 93*s + 5*w + 199 = 97*s. What is the remainder when s is divided by v(6)?
13
Suppose -37 = 998*j - 999*j. Calculate the remainder when 665 is divided by j.
36
Calculate the remainder when 500 is divided by (-120)/(-96) + (-326)/(-8).
38
Let u(n) = -n**3 + 7*n**2 - n - 5. Calculate the remainder when u(6) is divided by 10.
5
Let r be (4 - 3)*(-2 + 1). Calculate the remainder when 8 is divided by 1*(-9)/(-2 + r).
2
Suppose -7*g + 306 - 163 = -158. What is the remainder when g is divided by 0/4 - (0 + -17)?
9
Let h(y) = -y + 18. Let n be 51/7 + 10/(-35). Let j(s) = -s**3 + 6*s**2 + 7*s + 8. Calculate the remainder when h(-4) is divided by j(n).
6
Calculate the remainder when 86 - (9 + -13 + 2) is divided by 9.
7
Let l(t) = 4*t**2 - t - 2. Let k(v) = v**3 - 4*v**2 - 4*v + 3. What is the remainder when l(-3) is divided by k(5)?
5
Let w(x) = x**2 + 9*x - 18. Let o be w(-22). Calculate the remainder when (o/(-8) + (-1)/2)/(-1) is divided by 15.
4
Suppose 149 = -3*l + 2*p, 0*l + 53 = -l + 4*p. Let j(o) = -26*o + 1599. What is the remainder when -1 + (2 - l/1) is divided by j(61)?
11
Let h = -71 + 76. Calculate the remainder when (-12)/16 + 230/8 is divided by h.
3
Let x = -2 - 2. Let b = 6 + x. Suppose 0 = -b*w + 2*y + 18, -4*w + 27 = -2*w - 5*y. Calculate the remainder when 14 is divided by w.
2
Let i = 105 - 49. Calculate the remainder when 154 is divided by i.
42
Let l be ((-10)/15)/(1/(-132)). Suppose f + 37 = -4*t, t - 43 = 4*f + l. Let r = 19 - f. Calculate the remainder when r is divided by 11.
8
Let r(m) = m**3 + 23*m**2 - 24*m + 7. Calculate the remainder when 17 is divided by r(-24).
3
Let y = 8 + -15. Let q(d) = -d**3 - 7*d**2 - 5*d - 8. Suppose 3*r - 39 - 3 = 0. What is the remainder when q(y) is divided by r?
13
Let f = -299 - -359. Calculate the remainder when f is divided by 17.
9
Let n(x) = x - 15. Let u be n(16). Calculate the remainder when (u/((-16)/44))/(3/(-12)) is divided by 3.
2
Suppose -105*s + 188*s = 830. Calculate the remainder when 3239 is divided by s.
9
Let r(j) = -j**3 + 5. Let w = -14 + 10. Suppose 33 = -24*a + 465. What is the remainder when r(w) is divided by a?
15
Suppose 0 = 4*u - 2*n + 124, -5*u - n - 79 = 62. Let o = u + 40. What is the remainder when o is divided by 4?
3
Let m(j) = 3*j**2 - 3*j + 23. Let h(k) = 4*k**2 - 2*k + 23. Let b(d) = -4*h(d) + 5*m(d). What is the remainder when b(-7) is divided by 4?
3
Let z(b) = -2*b + 11. Let a be z(5). What is the remainder when 43 is divided by ((-55)/20)/(a/(-4))?
10
Let a be 18/3*(-6)/9. What is the remainder when 0*(-2)/a + 86 + -9 is divided by 20?
17
Let q(h) = 15*h - 3. Let u be q(9). Suppose -156 = -3*l - u. What is the remainder when 22 is divided by l?
6
Let u(o) = o + 2. Let f be u(-2). Suppose f = x - 5*x + 164. Let z = x + -4. What is the remainder when z is divided by 19?
18
Let m = 21 + -25. Calculate the remainder when 40 is divided by 6/m*34*2/(-6).
6
Let s = 19697 - 19680. Let j = -57 + 88. Calculate the remainder when j is divided by s.
14
Let c be ((-975)/(-10))/(-3)*-2. Let a = -41 + c. Calculate the remainder when a is divided by 13.
11
Let q be (-1)/(-1) - 9/(-9). Suppose d = 5*a + 19, -2*a - 3 = 1. Calculate the remainder when (-2)/q + 16 + 9 is divided by d.
6
Suppose -42*s + 40*s - 178 = 0. Let l = s + 136. What is the remainder when l is divided by 6?
5
Let z(w) be the third derivative of -w**5/60 - 17*w**4/24 - 15*w**3/2 + 5*w**2. Suppose -14 = -u - u. What is the remainder when z(-9) is divided by u?
6
Let x = 588 - 582. Suppose -7*w + 8 = -3*w. Suppose h = w*g - 17, x*h - 5*h - 33 = -3*g. What is the remainder when g is divided by 6?
4
Suppose -s + 10 = -g + 3*s, -3*g + 25 = -s. Suppose 3*p = -5 + 86. What is the remainder when p is divided by (-54)/(-5) - 8/g?
7
Let o(f) = -30*f - 149. What is the remainder when o(-11) is divided by 82?
17
Suppose h + 319 = -3*p, 3*p + 105 = 2*p - h. Let m = -75 - p. Calculate the remainder when m is divided by 19.
13
Let n(b) = 2*b + 24. Calculate the remainder when 2 + 606/(3 - 1) is divided by n(5).
33
Let m = 997 + -705. What is the remainder when m is divided by 21?
19
Suppose 226*t - 227*t + 41 = 0. What is the remainder when 120 is divided by t?
38
Calculate the remainder when 220 is divided by 1/(1/114)*(-36)/(-54).
68
Let b = 19 - 17. Let f(m) = 0 + 0 - 6 + m - m**3 - 3*m**b. What is the remainder when 23 is divided by f(-4)?
5
Calculate the remainder when (-115)/10*(1 - -1)*-3 is divided by 19.
12
Suppose 0 = 3*d - m - 34, -3*m - 2*m = 5*d - 30. Let j = -388 - -447. What is the remainder when j is divided by d?
9
Let n = -12 - -6. Let z(q) = -q - 8. Let h be z(n). Calculate the remainder when 49 is divided by ((-20)/h - -3)*1.
10
Let a = -227 - -271. Let f = 23 - -4. Calculate the remainder when a is divided by f.
17
Let t = 28 + -17. Let v = -195 - -253. Suppose 0 = 3*u - 181 + v. Calculate the remainder when u is divided by t.
8
Let n(q) = -q**2 + 5*q + 17. Let r be n(7). Suppose 78 = r*i - 9. Let l = 21 - 11. What is the remainder when i is divided by l?
9
Suppose -4*p - q + 4 = 0, 0*q = 5*q + 20. Suppose -2*i + 100 = 2*c, -7*c + 6*c = p*i - 102. What is the remainder when i is divided by 19?
14
Suppose 3*t + 0*t - 4*k - 51 = 0, 0 = 5*t + 3*k - 85. What is the remainder when 44 is divided by t?
10
What is the remainder when 201 is divided by ((-5)/(-40) - 0) + 13332/96?
62
What is the remainder when 4 + (2 - 0 - -111) is divided by 40?
37
Let o(m) = 2*m**2 - 13*m + 11. What is the remainder when o(6) is divided by 3?
2
Let w(n) = n**2 - 7*n + 10. Let x be w(6). Suppose q - x*u = u - 8, 4*q - 44 = u. What is the remainder when -16*(225/20)/(-9) is divided by q?
8
What is the remainder when 116 is divided by ((-18)/7)/(-3*4/84)?
8
Suppose 3*m - 4*m - 9 = i, m + 5 = i. What is the remainder when (1 + m)*20/(-15) is divided by 2?
0
Let m = -71 - -159. What is the remainder when 352 is divided by m?
0
Suppose -3*c - d = -25, 4*d - 6 = -5*c + 38. Suppose -c*i + 138 = -30. Calculate the remainder when 82 is divided by i.
19
Let h(j) = j**3 + 5*j**2 - 6*j - 4. Suppose 4*v - v = 63. Let y = 16 - v. Calculate the remainder when h(y) is divided by 14.
12
Calculate the remainder when (244 - 8)*8/32 is divided by 29.
1
Calculate the remainder when ((-2)/6 + -1)/(870/(-220545)) is divided by 49.
44
Suppose -j + 2*t - t = -116, -3*j - 4*t = -341. Let k(z) = z**2 - 2*z + 21. Calculate the remainder when j is divided by k(5).
7
Let f = 65 + -16. Let u = f - 70. Let w = 16 - u. Calculate the remainder when w is divided by 13.
11
Let d = -213 + 227. What is the remainder when 51 is divided by d?
9
Suppose 0 = -4*y + 3 + 5. Suppose -p - 4*w + 2*w = 0, 5*p + y*w = 0. Suppose 5*g = p, 3*f - 6*f + g = -27. What is the remainder when 25 is divided by f?
7
Let x = 172 + -60. Suppose x = 2*n - 2*w, -n + 0*n = 3*w - 56. Suppose 3*b + 4*q = 77, b + b + 3*q = 53. What is the remainder when n is divided by b?
18
Let u be (5/(10/8))/1. Suppose -2*f + 4 = -u*z, 5*z + 5 = 3*f - 0. Calculate the remainder when f/1 + 12 + 6 is divided by 7.
4
Suppose -98*t + 155872 = -201044. What is the remainder when t is divided by 81?
78
Suppose 0 = 103*j - 84*j - 133. Calculate the remainder when j is divided by 2.
1
Let b = 1 + 1. Let n(s) = -2*s**3 + 2*s**2 + 20*s - 4. What is the remainder when n(-3) is divided by b?
0
Let k(n) = -n**3 + 4*n**2 + n - 3. Let g = 848 + -824. What is the remainder when g is divided by k(3)?
6
What is the remainder when -1*((-911)/7 + (-55)/(-385)) is divided by 7?
4
Let x(r) = 10*r**2 - 3*r + 4. Let y be (1/2)/(1*4/8). What is the remainder when 43 is divided by x(y)?
10
Suppose 3*m + 176 = 194. Calculate the remainder when 58 is divided by m.
4
Let f = 11 + -6. Let o = f - 2. Calculate the remainder when o/(40/(-14) + 3) is divided by 8.
5
Let c(y) = 4*y - 3. Let r be 4/(-14) - (-300)/70. Calculate the remainder when 25 is divided by c(r).
12
Let k(f) = -f**3 + 8*f**2 + 3*f + 12. What is the remainder when (-8)/(-36) - 1220/(-18) is divided by k(8)?
32
Let b(q) = -7*q - 9*q**2 + 3*q**2 - 8 + 4 - q**3. Let u be b(-5). Suppose u*p = 2*p + 164. Calculate the remainder when p is divided by 11.
8
Let t(l) = 27*l + 7. Let z be t(-4). Let y = z + 166. Calculate the remainder